are the prime factors of 35384?
2, 4423
What are the prime factors of 680811?
3, 226937
What are the prime factors of 3216464?
2, 53, 3793
List the prime factors of 3055475.
5, 122219
What are the prime factors of 348949?
348949
What are the prime factors of 19846225?
5, 7, 17, 953
What are the prime factors of 6711646?
2, 541, 6203
List the prime factors of 17239919.
17239919
List the prime factors of 5393142.
2, 3, 137
List the prime factors of 4782801.
3, 1594267
List the prime factors of 3846946.
2, 131, 14683
List the prime factors of 182197.
167, 1091
What are the prime factors of 85257?
3, 9473
List the prime factors of 69013.
7, 9859
What are the prime factors of 8772198?
2, 3, 1462033
What are the prime factors of 191987?
113, 1699
What are the prime factors of 1269306?
2, 3, 151, 467
List the prime factors of 910960.
2, 5, 59, 193
List the prime factors of 1170072.
2, 3, 5417
List the prime factors of 11149627.
71, 157037
List the prime factors of 803241.
3, 31, 2879
List the prime factors of 43718993.
43718993
What are the prime factors of 197322?
2, 3, 32887
List the prime factors of 1462769.
7, 11, 157
List the prime factors of 844265.
5, 19, 8887
List the prime factors of 770830.
2, 5, 19, 4057
What are the prime factors of 425535?
3, 5, 11, 2579
What are the prime factors of 57223?
57223
What are the prime factors of 480961?
13, 36997
List the prime factors of 305538.
2, 3, 50923
List the prime factors of 83522.
2, 41761
What are the prime factors of 14991558?
2, 3, 2498593
List the prime factors of 297101.
7, 42443
What are the prime factors of 621780?
2, 3, 5, 43, 241
List the prime factors of 70823.
70823
What are the prime factors of 6789534?
2, 3, 743, 1523
List the prime factors of 8817857.
31, 284447
List the prime factors of 2589937.
7, 369991
What are the prime factors of 2668825?
5, 106753
List the prime factors of 2921819.
2921819
What are the prime factors of 358934?
2, 197, 911
List the prime factors of 684754.
2, 7, 59, 829
What are the prime factors of 162387?
3, 18043
What are the prime factors of 33628752?
2, 3, 43, 5431
What are the prime factors of 447449?
447449
What are the prime factors of 23235861?
3, 11, 704117
List the prime factors of 4889419.
4889419
List the prime factors of 2268009.
3, 252001
List the prime factors of 822617.
337, 2441
List the prime factors of 87400.
2, 5, 19, 23
What are the prime factors of 275316?
2, 3, 22943
What are the prime factors of 833846?
2, 13, 2467
What are the prime factors of 532821?
3, 97, 1831
List the prime factors of 56480.
2, 5, 353
List the prime factors of 80124.
2, 3, 11, 607
List the prime factors of 7993471.
19, 257, 1637
What are the prime factors of 49112?
2, 7, 877
What are the prime factors of 145748?
2, 83, 439
What are the prime factors of 9202722?
2, 3, 31, 49477
What are the prime factors of 496935?
3, 5, 409
What are the prime factors of 6049229?
17, 47, 67, 113
List the prime factors of 1268918.
2, 7, 233, 389
List the prime factors of 5252578.
2, 31, 84719
List the prime factors of 4284560.
2, 5, 7, 1093
List the prime factors of 673925.
5, 7, 3851
List the prime factors of 1298949.
3, 432983
List the prime factors of 142153.
11, 12923
List the prime factors of 134136.
2, 3, 23
What are the prime factors of 107677?
29, 47, 79
List the prime factors of 2679384.
2, 3, 111641
List the prime factors of 26342278.
2, 47, 71, 3947
What are the prime factors of 5675061?
3, 7, 270241
What are the prime factors of 610537?
29, 37, 569
What are the prime factors of 1850430?
2, 3, 5, 61681
What are the prime factors of 745252?
2, 211, 883
What are the prime factors of 1618163?
47, 34429
What are the prime factors of 312631?
11, 97, 293
What are the prime factors of 1237817?
7, 97, 1823
What are the prime factors of 148365?
3, 5, 7, 157
What are the prime factors of 37257238?
2, 1217, 15307
List the prime factors of 1372623.
3, 7, 163, 401
List the prime factors of 4616212.
2, 811, 1423
List the prime factors of 1803.
3, 601
What are the prime factors of 1902418?
2, 7, 135887
What are the prime factors of 458468?
2, 114617
List the prime factors of 424925.
5, 23, 739
List the prime factors of 35559061.
35559061
List the prime factors of 663064.
2, 82883
What are the prime factors of 1990417?
11, 13, 31, 449
What are the prime factors of 113149?
113149
What are the prime factors of 1137300?
2, 3, 5, 17, 223
List the prime factors of 4475169.
3, 55249
List the prime factors of 3543599.
17, 59, 3533
List the prime factors of 286034.
2, 7, 20431
List the prime factors of 867382.
2, 67, 6473
What are the prime factors of 18711189?
3, 7, 14143
List the prime factors of 553377.
3, 11, 41, 409
What are the prime factors of 4804447?
23, 208889
List the prime factors of 10343858.
2, 7, 738847
List the prime factors of 1310335.
5, 13, 19, 1061
What are the prime factors of 1225471?
13, 107, 881
What are the prime factors of 26817747?
3, 11, 23, 89, 397
List the prime factors of 2228731.
2228731
List the prime factors of 18084336.
2, 3, 376757
What are the prime factors of 5822900?
2, 5, 58229
What are the prime factors of 138755?
5, 27751
List the prime factors of 2349940.
2, 5, 117497
What are the prime factors of 261351?
3, 71, 409
What are the prime factors of 11293140?
2, 3, 5, 37, 5087
What are the prime factors of 2243611?
43, 52177
What are the prime factors of 4904430?
2, 3, 5, 163481
List the prime factors of 897081.
3, 299027
List the prime factors of 3346763.
7, 179, 2671
What are the prime factors of 202667?
202667
What are the prime factors of 11204628?
2, 3, 113, 8263
What are the prime factors of 128012?
2, 32003
List the prime factors of 1701546.
2, 3, 7, 11, 29, 127
List the prime factors of 858967.
79, 83, 131
List the prime factors of 573905.
5, 114781
List the prime factors of 1806389.
13, 283, 491
What are the prime factors of 565345?
5, 11, 19, 541
List the prime factors of 919355.
5, 183871
What are the prime factors of 4059726?
2, 3, 11, 61511
List the prime factors of 19627898.
2, 31, 197, 1607
What are the prime factors of 27763869?
3, 7, 1322089
What are the prime factors of 385253?
11, 35023
List the prime factors of 5423610.
2, 3, 5, 347, 521
What are the prime factors of 2878023?
3, 461, 2081
List the prime factors of 1534740.
2, 3, 5, 25579
List the prime factors of 1006609.
1006609
List the prime factors of 635923.
635923
List the prime factors of 681591.
3, 67, 3391
What are the prime factors of 3343608?
2, 3, 46439
List the prime factors of 68495.
5, 7, 19, 103
List the prime factors of 5891077.
5891077
List the prime factors of 1136041.
1136041
List the prime factors of 7378468.
2, 1844617
List the prime factors of 443601.
3, 23, 2143
List the prime factors of 145798.
2, 269, 271
List the prime factors of 5953271.
31, 181, 1061
What are the prime factors of 372467?
59, 107
List the prime factors of 492748.
2, 47, 2621
What are the prime factors of 487279?
13, 37483
What are the prime factors of 413724?
2, 3, 23, 1499
List the prime factors of 2416988.
2, 7, 37, 2333
What are the prime factors of 28378360?
2, 5, 547, 1297
What are the prime factors of 1110476?
2, 73, 3803
List the prime factors of 9990061.
43, 379, 613
List the prime factors of 27100833.
3, 9033611
What are the prime factors of 645226?
2, 322613
List the prime factors of 379419.
3, 126473
What are the prime factors of 852382?
2, 563, 757
What are the prime factors of 255113?
19, 29, 463
What are the prime factors of 15313486?
2, 37, 206939
What are the prime factors of 751508?
2, 187877
List the prime factors of 3040964.
2, 760241
List the prime factors of 626252.
2, 11, 43, 331
List the prime factors of 2589466.
2, 11, 117703
List the prime factors of 5316144.
2, 3, 110753
What are the prime factors of 175947?
3, 223, 263
List the prime factors of 29900436.
2, 3, 1129, 2207
What are the prime factors of 116622?
2, 3, 11, 19, 31
What are the prime factors of 615605?
5, 123121
List the prime factors of 563384.
2, 70423
List the prime factors of 406837.
406837
What are the prime factors of 949224?
2, 3, 39551
List the prime factors of 1138786.
2, 11, 37, 1399
What are the prime factors of 532862?
2, 11, 53, 457
List the prime factors of 17997.
3, 7, 857
What are the pr